base 8.
-5342
What is -326 (base 10) in base 6?
-1302
3747 (base 10) to base 16
ea3
166353 (base 7) to base 11
23155
-101010011 (base 2) to base 7
-663
-10d9 (base 14) to base 6
-21331
What is 211120 (base 3) in base 4?
21201
What is 118b8 (base 13) in base 2?
111111000000101
4021 (base 6) to base 15
3d7
Convert 11401 (base 6) to base 2.
11001111001
Convert 1894 (base 10) to base 5.
30034
What is -925 (base 14) in base 2?
-11100000101
What is -1443 (base 11) in base 12?
-10b2
What is -1657 (base 10) in base 8?
-3171
What is -11021101 (base 3) in base 16?
-c2b
Convert -111010001111 (base 2) to base 8.
-7217
-14013 (base 5) to base 13
-692
What is 14390 (base 11) in base 5?
1123202
Convert -134053 (base 6) to base 7.
-51423
-1111100100 (base 2) to base 16
-3e4
Convert -178 (base 14) to base 8.
-456
What is -733 (base 14) in base 9?
-1844
-213234 (base 6) to base 5
-1030330
Convert -1064 (base 15) to base 13.
-176b
What is 72 (base 9) in base 14?
49
Convert 464a (base 13) to base 4.
2122020
What is -1505 (base 9) in base 15?
-50e
What is -101010011010 (base 2) in base 3?
-10201112
What is -442 (base 10) in base 5?
-3232
56363 (base 7) to base 13
6647
37 (base 9) to base 14
26
Convert 2334 (base 9) to base 6.
12004
Convert -193 (base 10) to base 14.
-db
21000101 (base 3) to base 6
35401
What is 4022 (base 5) in base 7?
1331
Convert -10110111001100 (base 2) to base 15.
-3719
Convert 146 (base 7) to base 6.
215
-2010 (base 6) to base 14
-234
Convert -22450 (base 8) to base 16.
-2528
What is 12122120 (base 3) in base 6?
31023
What is -26a (base 15) in base 13?
-334
What is 1698 (base 16) in base 6?
42440
What is 1ad0 (base 15) in base 3?
21222120
-36a (base 12) to base 16
-202
What is -6ab5 (base 12) in base 4?
-2322221
Convert 514 (base 13) to base 15.
3c7
-3191 (base 12) to base 15
-1927
-46b (base 15) to base 4
-33221
2b3 (base 16) to base 10
691
100000000111 (base 2) to base 10
2055
What is -1304215 (base 6) in base 2?
-10001010100010011
-7789 (base 15) to base 8
-61361
What is 263 (base 11) in base 6?
1235
Convert -935 (base 10) to base 11.
-780
What is 10310313 (base 4) in base 12?
b533
What is -10011000000 (base 2) in base 10?
-1216
What is -2051 (base 9) in base 13?
-8b9
565 (base 14) to base 16
42d
-71a (base 11) to base 6
-4004
Convert 100122220 (base 3) to base 16.
1b84
Convert -5ade (base 16) to base 14.
-8698
Convert -100000010101 (base 2) to base 8.
-4025
What is -213124 (base 5) in base 16?
-1c79
Convert 23622 (base 10) to base 7.
125604
Convert -297 (base 12) to base 15.
-1bd
What is 1111010 (base 4) in base 8?
12504
253 (base 16) to base 15
29a
2217 (base 8) to base 9
1536
What is -6c59 (base 13) in base 3?
-202222002
-21011020 (base 3) to base 7
-21132
What is -215 (base 14) in base 5?
-3121
4ba2 (base 12) to base 16
21aa
Convert -2012022 (base 4) to base 8.
-20612
Convert 83088 (base 9) to base 3.
2210002222
Convert -245 (base 10) to base 16.
-f5
Convert 1611a (base 11) to base 3.
1011020022
Convert 116 (base 10) to base 7.
224
Convert 403313 (base 5) to base 15.
3c8d
What is -11231 (base 6) in base 9?
-2171
12233111 (base 4) to base 15
82a5
Convert 11011111110 (base 2) to base 9.
2408
What is -3355 (base 15) in base 11?
-81a1
-49a2 (base 13) to base 14
-3b3b
Convert -1f40 (base 16) to base 6.
-101012
-6c41 (base 13) to base 4
-3232133
3303120 (base 4) to base 3
210100220
What is 7060 (base 9) in base 16?
1425
Convert -644 (base 16) to base 5.
-22404
Convert b61 (base 12) to base 6.
11401
Convert 24322 (base 5) to base 9.
2461
-101001010111110 (base 2) to base 12
-10312
-462 (base 11) to base 2
-1000101000
Convert -11463 (base 9) to base 7.
-31236
-24013 (base 7) to base 11
-4712
-101010001 (base 2) to base 7
-661
-310142 (base 5) to base 9
-14703
Convert -42124 (base 6) to base 13.
-2770
-3538 (base 11) to base 5
-122024
Convert 144231 (base 6) to base 9.
21071
Convert 10431 (base 6) to base 4.
112303
-1065 (base 9) to base 13
-488
What is 4d (base 15) in base 12?
61
-1144 (base 11) to base 10
-1500
What is -1465 (base 7) in base 12?
-40a
-60516 (base 7) to base 10
-14664
Convert -4081 (base 12) to base 11.
-52a2
What is -5bb1 (base 15) in base 10?
-19516
Convert -14262 (base 11) to base 7.
-113053
47883 (base 9) to base 4
13311012
What is -269 (base 11) in base 5?
-2232
-1434 (base 7) to base 16
-234
-4132133 (base 5) to base 2
-10000100011010001
What is -465 (base 11) in base 15?
-270
-10101000 (base 2) to base 7
-330
Convert -210201 (base 3) to base 2.
-1001001010
-10102220220 (base 3) to base 9
-112826
Convert 13212 (base 4) to base 10.
486
Convert 4204142 (base 5) to base 9.
115046
Convert -48d (base 15) to base 7.
-3004
What is -146422 (base 7) in base 16?
-7009
324535 (base 6) to base 16
696b
What is 3390 (base 10) in base 2?
110100111110
What is -38849 (base 11) in base 8?
-154450
What is -993 (base 14) in base 10?
-1893
What is 54b (base 14) in base 4?
100113
What is -212210 (base 4) in base 9?
-3342
-fd2 (base 16) to base 10
-4050
What is 8316 (base 10) in base 5?
231231
What is 3366 (base 9) in base 5?
34430
122 (base 7) to base 16
41
What is 2699 (base 10) in base 9?
3628
Convert -32461 (base 8) to base 12.
-7a69
What is 1000144 (base 5) in base 13?
7199
1cc (base 16) to base 6
2044
Convert 25505 (base 6) to base 8.
7421
Convert -3086 (base 9) to base 11.
-177a
What is 12220212 (base 3) in base 8?
10334
What is 2310321 (base 4) in base 14?
430d
What is 101101101110 (base 2) in base 8?
5556
1505 (base 6) to base 5
3101
What is -2804 (base 10) in base 9?
-3755
221000 (base 3) to base 12
483
644 (base 11) to base 9
1050
5312 (base 6) to base 11
998
-15643 (base 7) to base 4
-1011121
What is -11207 (base 14) in base 3?
-2010000020
What is 1561 (base 8) in base 16?
371
What is 2220120000 (base 3) in base 11?
3a031
What is -2e7 (base 15) in base 11?
-557
24331 (base 6) to base 11
2768
Convert -41c (base 14) to base 12.
-576
What is 1120221 (base 3) in base 5?
14114
Convert 347 (base 9) to base 2.
100011110
-3c8 (base 16) to base 10
-968
Convert -434 (base 13) to base 10.
-719
-29b (base 13) to base 2
-111010010
112254 (base 7) to base 13
916b
Convert 1994 (base 14) to base 5.
122023
What is -1127 (base 8) in base 7?
-1514
What is -24161 (base 7) in base 6?
-45002
What is -8e2 (base 16) in base 10?
-2274
Convert 1160 (base 7) to base 11.
365
-433 (base 11) to base 15
-24a
What is -44c (base 16) in base 7?
-3131
What is 409 (base 11) in base 3?
200021
Convert 1212 (base 7) to base 4.
13002
Convert -20d4 (base 14) to base 4.
-1120222
Convert -1030411 (base 6) to base 2.
-1100011000000111
-50462 (base 7) to base 15
-3965
3043 (base 8) to base 16
623
What is 2124 (base 7) in base 13?
45c
-1022101 (base 3) to base 16
-3bb
Convert -69b (base 12) to base 4.
-33113
Convert 3740 (base 11) to base 12.
29b0
3e4e (base 15) to base 6
141445
-3bb4 (base 16) to base 9
-22862
Convert 2a27 (base 13) to base 15.
1c2c
Convert 211 (base 12) to base 11.
254
What is -2044341 (base 5) in base 8?
-103052
What is -41533 (base 8) in base 2?
-100001101011011
22d (base 16) to base 5
4212
Convert 6218 (base 11) to base 6.
102103
What is -3754 (base 14) in base 8?
-22716
What is 20001122 (base 3) in base 10?
4418
11013230 (base 4) to base 16
51ec
-968 (base 11) to base 6
-5215
Convert -6a1 (base 11) to base 2.
-1101000101
Convert 31398 (base 11) to base 8.
131234
3233013 (base 4) to base 12
8a33
-1000111111000 (base 2) to base 7
-16261
What is -4dd (base 16) in base 2?
-10011011101
-1d6 (base 15) to base 8
-652
Convert 1044 (base 5) to base 10.
149
25502 (base 6) to base 7
14144
Convert -39a4 (base 11) to base 2.
-1010001001100
What is 465 (base 12) in base 7?
1622
Convert -1858 (base 10) to base 14.
-96a
Convert 10001000000 (base 2) to base 8.
2100
Convert -1122522 (base 6) to base 10.
-57650
Convert -42 (base 12) to base 11.
-46
Convert 382 (base 14) to base 13.
420
What is 459 (base 14) in base 8?
1537
Convert 689 (base 16) to base 7.
4610
What is 1557 (base 11) in base 12?
11a6
Convert -2432 (base 7) to base 13.
-548
What is 3215 (base 14) in base 3?
102212010
Convert -251646 (base 7) to base 11.
-31862
-8152 (base 9) to base 11
-4529
112202212 (base 3) to base 6
121505
Convert 121212200 (base 3) to base 16.
300f
What is -296 (base 16) in base 4?